23246 - -13?
23261
In base 10, what is -4 + 13757?
13753
In base 3, what is -102102 + -11112?
-120221
In base 3, what is -100021012 + 1?
-100021011
In base 12, what is -2953 - -19?
-2936
In base 9, what is 5 - -262026?
262032
In base 4, what is 211112 + 33?
211211
In base 15, what is -1 + 1dc42?
1dc41
In base 3, what is 2212012120011 - -12?
2212012120100
In base 5, what is 21323 + -23213?
-1340
In base 13, what is 0 - 3cbbb?
-3cbbb
In base 16, what is -684 + 4f?
-635
In base 14, what is 7 - b29?
-b22
In base 3, what is -2 - 1001212012212?
-1001212012221
In base 5, what is 4 + -210003002?
-210002443
In base 6, what is -10 + 3122110?
3122100
In base 7, what is 1454 - -563?
2350
In base 2, what is -11100011000 + 1001010111?
-10011000001
In base 6, what is -52254 + 0?
-52254
In base 13, what is 15c15b + 4?
15c162
In base 13, what is 298 + -8?
290
In base 7, what is 422230 + -10?
422220
In base 7, what is 14552 - 3?
14546
In base 14, what is 3ca - -99c?
d88
In base 3, what is 2 - 20120012202?
-20120012200
In base 2, what is 1100100111 - -1001111?
1101110110
In base 15, what is -15 + 229?
214
In base 4, what is 10 - -201023333?
201030003
In base 10, what is 431 + 384?
815
In base 14, what is 2 + 147178?
14717a
In base 4, what is -3 + -1303330132?
-1303330201
In base 10, what is 8397 - -17?
8414
In base 11, what is 13a4 - -47?
1440
In base 10, what is -195 + -112?
-307
In base 5, what is -43433 + 111?
-43322
In base 7, what is -14616 - -53?
-14533
In base 2, what is 1100100101110101 - 110?
1100100101101111
In base 5, what is 1122222 - 13?
1122204
In base 10, what is -1535 + -23?
-1558
In base 8, what is 2176 + 44?
2242
In base 13, what is c5a5 - -16?
c5bb
In base 11, what is 92 + 28a?
371
In base 11, what is -14099 + -25?
-14113
In base 4, what is -10 + -10030230032?
-10030230102
In base 16, what is 1 - 3405?
-3404
In base 16, what is -13b5 + 1a?
-139b
In base 6, what is 1 - -1031134?
1031135
In base 10, what is 565 - -727?
1292
In base 10, what is 4 + 165551?
165555
In base 10, what is -845 + 12?
-833
In base 4, what is -22221300 + -101?
-22222001
In base 3, what is 1012120 + 1102221?
2122111
In base 10, what is 23350 + 2?
23352
In base 12, what is 10 - -b838?
b848
In base 9, what is -33 - 4225?
-4258
In base 14, what is 5 - -3372?
3377
In base 7, what is -326163 - 2?
-326165
In base 14, what is 701c - -a?
7028
In base 10, what is 7 - -1759?
1766
In base 10, what is -8 - -122143?
122135
In base 11, what is 1 + 381574?
381575
In base 4, what is -3 - 10131012?
-10131021
In base 16, what is -8 + 616?
60e
In base 2, what is 10111 - -11101111011?
11110010010
In base 2, what is -101111 + -1111111110100?
-10000000100011
In base 4, what is 10 + -112303211?
-112303201
In base 3, what is 12 - 21110102?
-21110020
In base 13, what is -49650 - 7?
-49657
In base 2, what is -1001 - 110000001111111100?
-110000010000000101
In base 4, what is -1113 + -100003?
-101122
In base 3, what is -1100 + -1000102?
-1001202
In base 13, what is 22 + -65c7?
-65a5
In base 5, what is -102423 - 113?
-103041
In base 4, what is 133201021 + 10?
133201031
In base 6, what is -112 - -43521?
43405
In base 16, what is -1885 + 2?
-1883
In base 15, what is -1 - -7b9e7?
7b9e6
In base 6, what is 10 - -2435512?
2435522
In base 10, what is -36 + -179564?
-179600
In base 16, what is d + ea6?
eb3
In base 12, what is 30 + 42363?
42393
In base 5, what is 13 - 204320?
-204302
In base 5, what is -44204 + 0?
-44204
In base 5, what is 34 + 421312?
421401
In base 13, what is -182c - 3?
-1832
In base 15, what is b - -cc51?
cc5c
In base 9, what is -81 - -1772?
1681
In base 5, what is 3 + 114310313?
114310321
In base 2, what is 1110010010011001 + 11?
1110010010011100
In base 13, what is -1 - -42c8?
42c7
In base 16, what is e8f - 14?
e7b
In base 8, what is -5 - 17026?
-17033
In base 3, what is 1012002 - 11010?
1000222
In base 5, what is 20 + 1102?
1122
In base 4, what is -2 - -11311?
11303
In base 4, what is -31 + 12130020?
12123323
In base 5, what is 31 - -1232204?
1232240
In base 4, what is 1020 - -1132203?
1133223
In base 4, what is -122 - 133111?
-133233
In base 9, what is -214647 - -6?
-214641
In base 15, what is 407 + 2?
409
In base 4, what is 1 + 1302031?
1302032
In base 7, what is -545211 - -11?
-545200
In base 11, what is -332 + -40a?
-741
In base 7, what is -131 + -135?
-266
In base 7, what is -3461 - 641?
-4432
In base 4, what is 0 - 1213303202?
-1213303202
In base 9, what is 10267 + -11?
10256
In base 12, what is -1 - 19879?
-1987a
In base 15, what is -a8 - -31d?
265
In base 8, what is 50546 + 23?
50571
In base 15, what is 2d63c + 4?
2d641
In base 2, what is 10 - -101000101?
101000111
In base 7, what is 51 + 2211?
2262
In base 4, what is 2000112301 + -10?
2000112231
In base 2, what is 101 + -100001111010111011?
-100001111010110110
In base 4, what is 11333321 - -1?
11333322
In base 11, what is -45a5 + -362?
-4957
In base 3, what is 1012102221111 + -12?
1012102221022
In base 8, what is 46 - -24?
72
In base 14, what is b6 - -51c?
5d4
In base 8, what is 10 - -3452?
3462
In base 11, what is -24589a - a?
-2458a9
In base 16, what is -508fb - 0?
-508fb
In base 13, what is 180475 + -3?
180472
In base 6, what is -21041111 - 5?
-21041120
In base 9, what is 172 + -130?
42
In base 5, what is 1 - -124201?
124202
In base 11, what is 2a11a2 + -4?
2a1199
In base 16, what is 5 + 5a9e?
5aa3
In base 15, what is -564 + 2d?
-536
In base 2, what is -1010000 - 1111101101?
-10000111101
In base 13, what is 11 + 3a?
4b
In base 12, what is 4 - 40747?
-40743
In base 6, what is -44301315 + 5?
-44301310
In base 16, what is -6f - 2b6?
-325
In base 15, what is 1 - -102931?
102932
In base 2, what is -1000101101 - -101001110?
-11011111
In base 7, what is -5 - 23310?
-23315
In base 12, what is -33448 - 3?
-3344b
In base 15, what is 258e0 + -2?
258dd
In base 13, what is -4 - -4a712?
4a70b
In base 5, what is 13213 + -313?
12400
In base 16, what is -12 - -10f1?
10df
In base 12, what is -84b0 + -9?
-84b9
In base 2, what is -101000000111001 - -1?
-101000000111000
In base 13, what is 655 - -1a8?
830
In base 16, what is -3 - -17b1?
17ae
In base 2, what is 11000110001 - -110000?
11001100001
In base 10, what is 144 - 1234?
-1090
In base 14, what is 17c5 - 9?
17ba
In base 9, what is -103888 + 4?
-103884
In base 2, what is -101 + -10001111111000101?
-10001111111001010
In base 7, what is 4 + 360355?
360362
In base 16, what is 3c7f + 1?
3c80
In base 8, what is 5745 - -10?
5755
In base 12, what is -1164 - 178?
-1320
In base 2, what is -101 - 1001100100110100110?
-1001100100110101011
In base 15, what is 4 - -12ce9?
12ced
In base 8, what is -116 - -12200?
12062
In base 9, what is 3867 + 11?
3878
In base 7, what is 6412 - -24?
6436
In base 13, what is -4ba6 + -c7?
-4ca0
In base 5, what is -43 - -324023?
323430
In base 4, what is 20203 - 1122?
13021
In base 14, what is -1143 + -1?
-1144
In base 14, what is 5 + -1b44?
-1b3d
In base 4, what is -33 + 110213?
110120
In base 10, what is 1 + -628?
-627
In base 16, what is -6e5 - a68?
-114d
In base 13, what is 1 + 1b4a4?
1b4a5
In base 7, what is 3 - -21510?
21513
In base 3, what is 1020021000212 + 1?
1020021000220
In base 8, what is 7665 - 2500?
5165
In base 12, what is 4 + -2a601?
-2a5b9
In base 14, what is 35890 + 3?
35893
In base 15, what is -3a1c + -8?
-3a25
In base 13, what is 137 + 1b26?
1c60
In base 3, what is 1 - -112100021202?
112100021210
In base 4, what is -20203 - 22123?
-102332
In base 16, what is 2 - 1211?
-120f
In base 6, what is 10124 - -300?
10424
In base 14, what is -5 - -2c4d8?
2c4d3
In base 5, what is -401 - -421004?
420103
In base 8, what is 5 + -1660720?
-1660713
In base 9, what is 2 + 86863?
86865
In base 11, what is -5 - 807a1?
-807a6
In base 5, what is 203032244 - 3?
203032241
In base 16, what is -1fed + e2?
-1f0b
In base 10, what is 31 - 3952?
-3921
In base 15, what is e325 + 0?
e325
In base 14, what is 28 + 11ad?
11d7
In base 10, what is 1 + -6006?
-6005
In base 16, what is -c88 + -71?
-cf9
In base 4, what is -2100323 + 2101?
-2032222
In base 6, what is -250145 - -2?
-250143
In base 10, what is 1 + -28293?
-28292
In base 6, what is 2434 + 3230?
10104
In base 8, what is 7 - 6442?
-6433
In base 10, what is -6 - 131911?
-131917
In base 13, what is -114 + -220?
-334
In base 13, wh